675 and 585?
65
What is the highest common divisor of 1880 and 40?
40
What is the highest common divisor of 240 and 3468?
12
What is the greatest common factor of 10404 and 7922?
34
What is the highest common divisor of 3080 and 3520?
440
Calculate the highest common factor of 3289 and 18733.
143
What is the highest common factor of 27 and 411210?
27
What is the highest common divisor of 5846 and 1106?
158
Calculate the highest common factor of 34923 and 525.
21
Calculate the greatest common divisor of 492 and 774654.
246
What is the highest common factor of 72786 and 28?
14
What is the highest common factor of 609 and 515736?
87
What is the greatest common divisor of 16601 and 26?
13
What is the greatest common divisor of 58 and 194?
2
What is the greatest common factor of 33138 and 255899?
1841
What is the highest common divisor of 1528 and 1337?
191
Calculate the highest common factor of 11 and 1899491.
11
What is the highest common factor of 80 and 5906?
2
Calculate the highest common factor of 81 and 257481.
9
Calculate the highest common divisor of 3232872 and 144.
72
Calculate the greatest common divisor of 1340 and 36320.
20
Calculate the highest common factor of 840 and 41304.
24
What is the greatest common factor of 18 and 44217?
9
Calculate the highest common factor of 2 and 137122.
2
What is the greatest common divisor of 5690 and 1420?
10
What is the greatest common factor of 3230 and 186320?
170
What is the greatest common divisor of 322 and 875?
7
Calculate the highest common divisor of 2880 and 588384.
288
Calculate the greatest common factor of 511 and 299957.
511
What is the highest common factor of 1727309 and 57?
19
Calculate the greatest common divisor of 589 and 32180015.
589
What is the greatest common divisor of 50 and 30825?
25
Calculate the highest common factor of 408 and 127704.
408
Calculate the highest common divisor of 136776 and 7954.
82
What is the greatest common divisor of 1069798 and 314?
314
Calculate the greatest common factor of 15084 and 120.
12
Calculate the greatest common divisor of 684 and 179514.
18
Calculate the highest common divisor of 237612 and 1.
1
Calculate the greatest common divisor of 9506 and 1685278.
1358
What is the greatest common divisor of 54 and 57234?
6
Calculate the greatest common divisor of 820 and 7890860.
820
Calculate the greatest common divisor of 3796 and 93951.
949
Calculate the highest common factor of 2 and 664117.
1
What is the highest common divisor of 99 and 23402313?
99
What is the highest common divisor of 4230418 and 118?
118
What is the highest common divisor of 1792970 and 23160?
1930
What is the highest common factor of 3324270 and 870?
870
What is the highest common factor of 74560 and 7120?
80
Calculate the greatest common divisor of 27999 and 1326.
51
Calculate the greatest common divisor of 1406 and 327142.
38
What is the highest common divisor of 74 and 19008306?
74
What is the highest common divisor of 195 and 1663415?
65
What is the highest common factor of 1885 and 3133?
13
Calculate the highest common divisor of 267274 and 238.
238
What is the greatest common factor of 670 and 86095?
335
Calculate the greatest common factor of 5978 and 14884.
122
Calculate the greatest common factor of 2673 and 3729.
33
Calculate the highest common divisor of 292 and 59130.
146
Calculate the highest common factor of 182 and 65702.
182
What is the greatest common divisor of 301 and 3689?
7
What is the greatest common factor of 2954520 and 283?
283
Calculate the greatest common divisor of 109 and 108019.
109
Calculate the greatest common factor of 209 and 193589.
11
What is the greatest common factor of 5728 and 67841?
179
Calculate the greatest common factor of 830093 and 193.
193
What is the highest common divisor of 3645 and 225?
45
Calculate the greatest common factor of 1085 and 2485.
35
Calculate the greatest common divisor of 1541 and 21942.
23
What is the highest common factor of 73976 and 8064?
56
What is the greatest common divisor of 91740 and 165?
165
Calculate the highest common divisor of 55 and 97493.
11
Calculate the greatest common divisor of 566 and 72731.
283
Calculate the highest common divisor of 19 and 2047.
1
Calculate the highest common factor of 406206 and 18.
18
What is the greatest common divisor of 22007 and 1770?
59
Calculate the greatest common divisor of 23 and 1302559.
23
Calculate the greatest common factor of 212 and 811430.
106
What is the greatest common divisor of 12 and 4551366?
6
What is the greatest common factor of 1751 and 2057?
17
What is the highest common factor of 98 and 3388?
14
Calculate the greatest common divisor of 21315 and 3185.
245
What is the highest common factor of 11 and 317999?
11
What is the greatest common factor of 523065 and 60?
15
Calculate the highest common factor of 113 and 1687994.
113
Calculate the greatest common factor of 341 and 889328.
341
Calculate the greatest common factor of 18160 and 21338.
454
What is the highest common divisor of 3638 and 19465?
17
Calculate the greatest common divisor of 12963 and 783.
87
What is the highest common divisor of 345 and 1560?
15
Calculate the greatest common divisor of 30 and 1060330.
10
Calculate the highest common divisor of 65527 and 7733.
407
What is the greatest common factor of 1300 and 8255?
65
Calculate the highest common factor of 9660 and 2562.
42
Calculate the highest common factor of 49931 and 16304.
1019
What is the greatest common divisor of 34496 and 186494?
1078
What is the highest common factor of 13226 and 4607?
17
Calculate the greatest common factor of 11728 and 368.
16
What is the greatest common factor of 4 and 18913?
1
Calculate the highest common divisor of 2664 and 12136.
296
What is the greatest common divisor of 347 and 21167?
347
Calculate the greatest common divisor of 104 and 130416.
104
Calculate the greatest common divisor of 1735 and 100.
5
Calculate the greatest common factor of 539942 and 38.
38
What is the highest common factor of 550093 and 151?
151
What is the highest common divisor of 443038 and 148?
74
Calculate the greatest common factor of 22724 and 190.
38
Calculate the greatest common divisor of 3840 and 930.
30
Calculate the highest common factor of 555 and 1136085.
555
Calculate the highest common factor of 6771 and 37881.
183
What is the greatest common divisor of 558 and 4654092?
186
Calculate the greatest common divisor of 405 and 8640.
135
What is the greatest common factor of 206200 and 20?
20
Calculate the highest common factor of 1190 and 5649525.
595
Calculate the greatest common divisor of 452097 and 263.
263
What is the greatest common factor of 1100 and 6700?
100
What is the greatest common divisor of 558 and 22374?
18
Calculate the greatest common factor of 220 and 1280.
20
What is the greatest common divisor of 4080 and 900048?
816
Calculate the greatest common factor of 13583 and 4335.
289
Calculate the highest common factor of 26335 and 3335.
115
Calculate the highest common factor of 2572 and 204.
4
Calculate the greatest common factor of 625 and 426875.
625
Calculate the greatest common divisor of 1640 and 33415.
205
Calculate the highest common factor of 4250 and 18500.
250
What is the highest common divisor of 1110 and 47700?
30
Calculate the highest common divisor of 380 and 13015.
95
Calculate the greatest common divisor of 49 and 135163.
7
What is the highest common divisor of 1512 and 384426?
378
Calculate the greatest common factor of 880 and 15200.
80
What is the highest common divisor of 216 and 186408?
216
What is the highest common factor of 12 and 433170?
6
Calculate the highest common factor of 1440 and 13410.
90
Calculate the greatest common divisor of 184 and 21304.
8
Calculate the greatest common factor of 253215 and 51.
51
Calculate the highest common divisor of 35966 and 3038.
98
What is the greatest common divisor of 20 and 182660?
20
Calculate the greatest common factor of 1241 and 323.
17
Calculate the greatest common divisor of 80 and 5285.
5
What is the highest common divisor of 16289 and 105833?
91
What is the highest common factor of 38437572 and 12?
12
Calculate the highest common divisor of 1184360 and 232.
232
Calculate the highest common factor of 350 and 27050.
50
C